ose 15 = -s*t + 8*t. Let x(z) = z**t + 1 + 1 + 0*z**2 + 2*z**2. Calculate x(-3).
-7
Let v(t) = -4*t**2 - 21*t - 10. Let w(j) = -6*j**2 - 32*j - 15. Let m(s) = -8*v(s) + 5*w(s). Determine m(-5).
15
Let u(d) = -6*d**2 + 5*d - 5. Let s be u(2). Let m = -16 - s. Let i(b) = b**3 - 2*b**2 + b. Calculate i(m).
12
Let g(f) = -5*f**3 + 9*f + 10. Let l(d) be the first derivative of 11*d**4/4 + d**3/3 - 19*d**2/2 - 21*d + 10. Let a(h) = 9*g(h) + 4*l(h). Calculate a(5).
6
Suppose 0 + 3 = c. Let m(d) = 1 + 2*d + c*d - 4*d. Let r be 13/(-3) + (-2)/(-6). Determine m(r).
-3
Let h(w) = -6*w + w + w. Let s(f) = 4*f**2 - 1 - 3*f**3 + 0*f**3 + 2*f**3 + 5*f. Let b be s(5). Give h(b).
4
Let g(w) = w - 6. Let s(z) = -z. Suppose -5 = 2*r - 7. Let b(y) = r*g(y) - 3*s(y). Determine b(4).
10
Let m(h) be the first derivative of 7*h + 1/4*h**4 + 7/2*h**2 + 2*h**3 - 1. Let s(x) = -x**3 - 14*x**2 - 2*x - 33. Let v be s(-14). Determine m(v).
-3
Let c(j) = 2*j**2 + j - 5. Suppose 3 = 3*y - 0. Suppose 2*u + y = 11. Let h(q) = -2*q**2 - q + 4. Let t(p) = u*c(p) + 6*h(p). Give t(-1).
-2
Let k = 9 - 3. Let s(o) = o + 5. Let t(q) = 3*q + 14. Let i(n) = -17*s(n) + 6*t(n). Give i(k).
5
Suppose 6*j + 9 = -3. Let w(x) = -x**2 - x - 1. Determine w(j).
-3
Let d(x) = -x**3 + x**2 + x + 8. Let v(t) = -t**3 + 2*t**2 + 4*t + 2. Let z be v(-2). Let i = 10 - z. Calculate d(i).
8
Let j be (0 + 1)*(8 + -2). Let p(t) = 3*t**2 - 8*t - j - 4*t**2 + 2 - 2. What is p(-5)?
9
Let i(s) = 2*s + 12. Let l be i(-9). Let r(v) = -v**2 - 7*v - 6. Calculate r(l).
0
Let w(z) = -z + 5. Suppose -2*h - 14 - 32 = 0. Let u = -16 - h. Let d be w(u). Let x(c) = -3*c - 3. What is x(d)?
3
Let a be (0 - (-1)/2)/(1/4). Let s(l) be the first derivative of 1/4*l**4 + 1/3*l**3 + 0*l + 0*l**a + 2. Determine s(0).
0
Let p(o) be the second derivative of o**4/12 - o**3/6 - 3*o**2 - 5*o. Let t = 0 + 0. Calculate p(t).
-6
Let f(h) be the second derivative of -h**5/20 + h**4/12 + h**3/6 + h**2/2 - 28*h. What is f(3)?
-14
Let u(k) = -2*k**3 + k**2 + k + 2. Suppose 5*t = -14 + 24. Let m(v) = -v**3 + 4*v**2 - 4*v + 2. Let r be m(t). What is u(r)?
-8
Let p(o) = o - 3. Let g(l) = -4*l - 2. Let n be g(-2). What is p(n)?
3
Let t = 9 - 12. Let n be t/(-2) + 18/(-4). Let o(g) = g - 4. Give o(n).
-7
Let v(x) be the first derivative of x**4/4 - x**3 - x**2/2 + 3*x - 6. What is v(3)?
0
Let j(w) = w - 56 - 4*w + w + 60. Determine j(8).
-12
Suppose 15 - 7 = 4*s. Suppose 15 = -0*x + s*x + 3*f, -4*x - 4*f = -24. Let n(b) = b**2 - b + 1. Give n(x).
7
Let g = 3 - 7. Let h(q) = -3 - 5*q + 14*q**2 - q**3 - 19*q**2 + q + 2. What is h(g)?
-1
Let u(l) be the third derivative of 0 + 0*l + l**2 + 1/24*l**4 + 1/6*l**3 + 1/12*l**5. Calculate u(-1).
5
Let a(m) be the third derivative of m**4/24 - 4*m**2. Give a(5).
5
Let j(u) = -u**2 - u + 1. Let w(m) = -m**2 + 0 + 1 + 2 - 3*m. Let p(s) = -2*j(s) + w(s). Give p(0).
1
Let r(u) = -2*u - 7. Let q(l) = l - 5. Let f be q(12). Determine r(f).
-21
Let m = -1 - -4. Suppose c = 4*c + m. Let b(r) = 7*r**3 + 1. Calculate b(c).
-6
Let j(t) be the first derivative of t**4/4 + 7*t**3/3 + 2*t**2 - 6. Determine j(-6).
12
Let a(u) = -6*u**2 - u + 1. Let m(t) = 7*t**2 + t - 1. Suppose 2 = -5*n - 23. Let c(p) = 5*p - 1. Let r be c(-1). Let v(w) = n*m(w) + r*a(w). What is v(0)?
-1
Let v(l) = -l**3 + 7*l**2 - 7*l - 1. Let p = 1 - 17. Let m = -10 - p. Calculate v(m).
-7
Suppose 0 = -0*l - l - 1. Let i(v) be the first derivative of 1/3*v**3 - 1/4*v**4 + 1/2*v**2 + 0*v + 6. Calculate i(l).
1
Suppose -3*i + 7 = -2. Let p(x) = x**2 - x - 4. Give p(i).
2
Let a = 34 + -21. Suppose -4 = -3*j + 5*i + 3, 0 = -3*j + i - a. Let q(p) = -p**3 - 7*p**2 - 5*p + 1. Give q(j).
-5
Let z(h) = -2*h**2 + 5*h - 3. Suppose 0 = -y + 5*y - 12. Determine z(y).
-6
Let u(q) = 5*q**2. Suppose -3*c = -2*c - 5. Suppose 0*y = c*y. Suppose 0 = 2*i - 2 - y. What is u(i)?
5
Let l(u) = -3*u**3 + 4*u**2 - u - 4. Let z be l(-1). Let r(k) = -k**3 + 4*k**2 - 3*k + 5. Give r(z).
-7
Suppose 4 = -3*a + 22. Let k(c) = -c**2 + 7*c + 4. Determine k(a).
10
Let v(s) = -s**2 - 4*s + 1. Let o be (-6)/(((-42)/4)/(-7)). Give v(o).
1
Suppose 4*z - 3*w + 5 = -2*w, z - 3*w + 15 = 0. Let j(q) be the third derivative of 1/40*q**6 - q**2 + 1/30*q**5 + 0 + z*q + 0*q**4 - 1/6*q**3. What is j(-1)?
-2
Let i be (-1)/(1 - 2) + 6. Let t be 2/i + 24/14. Let j(h) = 2*h. What is j(t)?
4
Let b(g) = g**3 + 6*g**2 - 7*g + 2. Suppose n + 3*p = -4, -2*n + 1 = -3*p + 18. Let u be b(n). Let t(m) = 3*m - u*m + 3*m - 4 - 3*m. Determine t(-3).
-7
Let r(c) = -c**2 + 8*c - 5. Let v be r(6). Let f(l) = -v*l + 0 + 1 + 2*l + 0. Give f(2).
-9
Let a(z) be the first derivative of -4*z**2 - z + 10. Give a(1).
-9
Let g be -3 - (2 - (6 + -2)). Let a(j) = 13*j**2 + 2*j + 1. Give a(g).
12
Let b(m) be the second derivative of m**4/6 + 5*m**3/6 + 3*m**2 - 3*m. Let y(t) = -t**2 + t. Let k(a) = b(a) + y(a). Suppose 4*d + 16 + 4 = 0. Calculate k(d).
1
Let t be -1*(3 + (-3)/(-1)). Let h(u) = u - 11 - 7*u + 12 - u**2. Calculate h(t).
1
Let o(f) be the first derivative of f**4/4 - 8*f**3/3 - 7*f - 6. Give o(8).
-7
Let d(g) = -9*g - 5 - 2 - 3*g**2 + 4*g**2 + 17*g. Determine d(-8).
-7
Let m(t) = 5*t + 5. Let b(i) be the first derivative of 11*i**2/2 + 9*i - 3. Let c(q) = 4*b(q) - 7*m(q). Calculate c(1).
10
Let i be (-2 + 2)*2/(-4). Suppose i = -v + 1. Let d(r) = v - r + 3 + 3. Calculate d(5).
2
Let v be 16/10 - 16/(-40). Let b be 1/3*(-30)/v. Let g(m) = m - 1. Determine g(b).
-6
Suppose 3*g = -0*g. Let y(u) = -3*u + 2*u - 3 + 5 + g*u. What is y(1)?
1
Let v(z) = -8*z + 1. Let d = 13 - 14. Determine v(d).
9
Suppose 8 = 5*w - w. Let x(r) = -3*r**3 - 9*r**2 + 3*r - 11. Let t(v) = v**3 + 4*v**2 - 2*v + 5. Let d(z) = -5*t(z) - 2*x(z). Determine d(w).
5
Let v(w) = 5*w - 2. Suppose 4*k = -2*l + 16, 9*k - 4*k = 10. Let t(h) = -h - 1. Let g(o) = l*t(o) + v(o). Let s be 0*(-3 + 2 - -2). Determine g(s).
-6
Let m be (6/(-5))/((-3)/(-10)). Let y = 6 + m. Suppose 5*b = -s - 25, 0 = -y*s - 2*s + 3*b - 8. Let g(n) = n**3 + 4*n**2 - 6*n - 1. Give g(s).
4
Suppose 4*u + 5*j = -8, -5*j + 3 - 8 = 5*u. Let x(h) = -3*h + 0 + u + h**3 - 1. Let b be (-6)/(-21) + 24/14. What is x(b)?
4
Let o(l) = -10*l**2 + l - 1. Let i = 6 + -5. What is o(i)?
-10
Let m(x) = 7*x**2 + 7*x. Let l(n) = 12*n**2 + 14*n. Let z(d) = 4*l(d) - 7*m(d). Calculate z(5).
10
Let j(r) = -r**3 + r. Let p be 1/6 - 69/(-18). Let u = p - 2. Give j(u).
-6
Suppose 4*l = -0*v + 3*v - 3, -2 = -4*l + 2*v. Suppose -c - 4*a = -2*c - 11, 3*c = -l*a + 12. Let z(w) = -4*w**2 - w. What is z(c)?
-5
Let q be (-108)/(-20) - 2/5. Let i = q + 0. Let y(m) = -m - 3. Let a(d) = 2*d + 4. Let b(t) = 2*a(t) + 3*y(t). What is b(i)?
4
Let c(f) = 2*f + 2*f**3 - 2*f + 6 + 4*f - 3*f**3 - 4*f**2. Calculate c(-4).
-10
Let b(u) = -5 + 4 + u + 1 - 4. Let m be b(4). Let y(s) = -s**3 + s**2 - s - 8. Give y(m).
-8
Let s(f) = -f**2 + 6*f + 11. Let k = -15 + 23. Calculate s(k).
-5
Let j(i) = 2*i - 1. Let a(s) be the third derivative of s**5/60 - 13*s**4/24 - 8*s**3/3 - 4*s**2. Let w be a(14). Give j(w).
-5
Suppose y - 3 = -0. Let q(z) = -y + 0*z**2 + z**2 + 4 + z + 0*z**2. Determine q(-3).
7
Let p(x) = -x - 1. Let c(o) = 6*o + 6. Suppose -4*l + 1 - 17 = 0. Let d(b) = l*c(b) - 21*p(b). Give d(-3).
6
Let c(t) = t**2 + 5*t + 5. Let j = -3 - 2. Let q be c(j). Suppose 0 = -5*d + 4*l - 27, 0*d - q*l = 5*d. Let b(w) = 2*w + 2. Determine b(d).
-4
Let f(i) = -i**2 - 4*i - 1. Let x(m) = -m**3 - 3*m**2 - 2. Let b be x(-3). Let v be -3 + 3/6*b. Determine f(v).
-1
Let c(a) = 1 + 13*a + 0*a - 7*a - 7*a. Calculate c(-1).
2
Let m(i) = i**2 + 4*i + 2. Let p be m(-4). Let x(t) = 2 + t - t**p - 2*t - 4*t. Let h be -5 - (-3)/6*-2. What is x(h)?
-4
Let y = -11 + 6. Let p be y/((1 - 0)*-1). Let i(g) = g**2 - 5*g + 6. Determine i(p).
6
Let d(l) = 2*l**2 + 4 - l**2 + 0*l**2 + 24*l - 21*l. What is d(-4)?
8
Let m(i) = 4*i - 3. Suppose -5*w + 3*w - 5*u - 13 = 0, 0 = 5*w + 3*u + 4. Suppose 2*s + 1 - 7 = 0. Suppose -w = -s*b + 2*z + 1, b - 19 = -3*z. Give m(b).
13
Suppose 2 = -5*k + 4*u, 3*k - 14 = -4*u + 4. Let a(i) = -i**k + 0*i**2 + 4 + 3. What is a(0)?
7
Let z(u) = u**2 + 5*u + 1. Let a(t) be the first derivative of -t**2/2 - 11*t - 3. Let g be a(-6). Determine z(g).
1
Let k(s) = -2*s. Let w be k(-1). Let l(c) = -96*c + 93*c - 1 - 1. What is l(w